 be ((-26)/8 - (-2)/4)*4. Let m(w) = -w**3 - 11*w**2 + 7*w + 23. Let g be m(k). Let n = g - -70. List the prime factors of n.
2
Let y = -24 - -44. Let p be (-2)/10 - 56/y. What are the prime factors of (2/(-1) - 49)*3/p?
3, 17
Let h be ((-126)/5)/(-3 - 80/(-25)). Let g = h + 131. Suppose -f = 5*y - 26, -g*f + 2*f = -5*y + 22. What are the prime factors of y?
5
Let k be 574/(-63) - -9 - 5974/18. Let u = -294 - k. List the prime factors of u.
2, 19
Let n(w) = 1173*w - 431. What are the prime factors of n(4)?
4261
Suppose 3*n + 3*k + 382 = 4*n, n - k - 386 = 0. Suppose -4*m + 824 = -n. List the prime factors of m.
3, 101
Let t(b) = -b**2 - 6*b - 6. Let m be t(-2). Suppose -m*c + 6*c = 416. What are the prime factors of c?
2, 13
Let s = -42202 - -91012. What are the prime factors of s?
2, 3, 5, 1627
Suppose 0 = 13*t + 10*t - 138. Let u(n) = 2*n**3 + 5*n**2 - 13*n - 10. What are the prime factors of u(t)?
2, 131
Let i(x) = 31*x**2 + 723*x - 14. What are the prime factors of i(-24)?
2, 5, 7
Suppose -d + 22 = 18. Suppose -q - 4*k = 4*q - 22, -d*q + 4*k - 4 = 0. Let w(o) = 124*o + 12. What are the prime factors of w(q)?
2, 5, 13
Suppose -2*c + 4*u = -0*c + 796, 0 = -3*c + 5*u - 1190. Let v = -239 - c. What are the prime factors of v?
151
Let w(u) = -6*u - 11. Suppose -2*m - 12 = -14*m. Let r be -6 + -3 + 2/m. List the prime factors of w(r).
31
Suppose -12 = 3*z, 6*z = 2*m + z - 24. List the prime factors of (-16)/28*(m - 9) - -227.
3, 7, 11
Suppose -5*z = -3*c + 19, 4*c - 5*z = 3*c + 23. Let a be 13 + -17 - 200/c. Suppose -5*w - 4*p + 222 = 0, -2*w + 0*p + a = -2*p. What are the prime factors of w?
2, 23
Let n = -277 + 570. Suppose -6*y + 1355 - n = 0. Let v = y + 83. What are the prime factors of v?
2, 5, 13
Let w(y) = -y**3 - 3*y**2 + 6*y + 2. Let a be w(-4). List the prime factors of 56 - a/18*-6.
2, 3
Suppose 2*o - 2*t - 16 = -0, t = -3*o + 36. Let m(z) = 84*z - 77. What are the prime factors of m(o)?
7, 11
Let l(j) = j - 7. Let w be 1008/99 - (-4)/(-22). Let o be l(w). Suppose -5*g = -o*g - 60. List the prime factors of g.
2, 3, 5
List the prime factors of (-27)/(-1)*(12 - 15/(-90)*13292).
2, 3, 13, 257
Let h = 36 - 33. Suppose 5*u = -0*u - 4*p + 26, -h*u = -4*p + 10. Suppose -q = -3*m + u, 0 = m - 2*q + 7 - 1. What are the prime factors of m?
2
Let c(n) = n**3 - 244*n - 34. What are the prime factors of c(16)?
2, 79
Let t = 2 - -68. Let v be -6*(t/60)/((-2)/(-6)). List the prime factors of -1 + 0 - (v - 72).
2, 23
Let t be (-66)/(-4)*6*(-6)/(-18). Let l = -26 + t. Suppose l*u = -155 + 505. What are the prime factors of u?
2, 5
Let l be 359436/(-108) + (-2)/(-18). Let k = 5146 + l. What are the prime factors of k?
2, 3, 101
Suppose 102*r = -695*r + 19434632 + 15206176. What are the prime factors of r?
2, 3, 1811
Let q be (-30)/(-9) + -2 + (-1859)/(-39). Suppose 6*z = -q + 253. What are the prime factors of z?
2, 17
Let m(r) = 4807*r - 419. List the prime factors of m(2).
3, 5, 613
Let t(o) = o**3 + 10*o**2 + 24*o + 9. Let y be t(-2). Let u(h) be the first derivative of 2*h**3/3 + 9*h**2/2 - 7*h + 1. List the prime factors of u(y).
2, 7
Let b be ((-16)/40 - 18/5)*-2. Let i = -3 - b. Let y = i - -162. What are the prime factors of y?
151
Suppose 212 = -6*y + 2*y. Let o = 57 + y. Suppose 1059 = o*k + 371. List the prime factors of k.
2, 43
What are the prime factors of -168093*(490/(-90) - -5)?
2, 19, 983
Suppose 0 = -n - 4*q + 6 + 11, -3*n - q + 18 = 0. Suppose n*r - 15 = -5*z, r - 8 = -3*z + 7*z. Suppose -r*s + 0 = -32. What are the prime factors of s?
2
Suppose 0 = 5*o + 7 - 77. What are the prime factors of (-6)/(-9)*18543/o?
883
Let q = -29371 + 45364. List the prime factors of q.
3, 1777
Let p be (-1)/(((-20)/(-16))/5). Let g be (2/(-5))/(p/260). Suppose -3*i - y + g = -41, 5*i - 115 = -5*y. List the prime factors of i.
2, 11
Let j be -2 + (-79)/(-3) + (-2)/6. Let v = 28 - j. Suppose v*l - 7*l = -225. List the prime factors of l.
3, 5
What are the prime factors of ((-9304)/(-20))/((-30)/(-375))?
5, 1163
Let l(n) = 4*n + 23. Let c be l(-6). Let q be 1002 + (c - 12/(-3)). Suppose 0 = -a, 5*s + 0*s - 2*a - q = 0. List the prime factors of s.
3, 67
Suppose -3*i - 4*l = 1031, 2*i - 2*l = 4*i + 684. Let c be (-1962)/10 - 5/(6 + -31). Let g = c - i. What are the prime factors of g?
3, 47
Suppose 13*r - 9*r = -8. List the prime factors of (-229)/r - 16/32.
2, 3, 19
Suppose 0 = -4*v - 263 + 803. Let h = v + -49. Suppose -4*y + 8 = 0, -3*y = -2*w + h - 10. List the prime factors of w.
41
Let v(q) = 2*q**3 + 23*q**2 - 2*q + 27. Let p be v(-11). What are the prime factors of ((-255)/p)/(2/(-948))?
3, 79
Let r = -314 + 568. Let z = 931 - r. List the prime factors of z.
677
Let y(d) = 18*d**2 - 6*d + 1255. List the prime factors of y(-23).
5, 37, 59
Let r(q) = -4823*q - 5214. What are the prime factors of r(-16)?
2, 35977
Let p = 261 + -254. Let m(n) = 2*n**3 - 4*n**2 - 7*n - 15. List the prime factors of m(p).
2, 3, 71
Let r(v) = 14*v + 4*v**2 - 3*v**2 - 2*v**2 - 17 - 23 + 46. Suppose 0 = 5*b - 46 + 6. What are the prime factors of r(b)?
2, 3
Let p = 666 - -776. Let k = p + -976. List the prime factors of k.
2, 233
Suppose -2*i + 10395 = 3*o, 5*o + 10201 = -i + 27512. List the prime factors of o.
3461
Let o(y) = -7*y**2 + y. Let k be o(1). Let f be (-220)/(-18) - -4*3/(-54). What are the prime factors of f/8 + (-9)/k?
3
Suppose 3*g + h - 256599 = 0, -4227*h + 85533 = g - 4226*h. What are the prime factors of g?
3, 7, 4073
Let v(c) = c**2 - c - 8. Let u be v(4). Suppose 10*z = u*z - 24. What are the prime factors of (-432)/(0 - 2) - z?
2, 5, 11
Let h = 4985 - 2641. What are the prime factors of h?
2, 293
Suppose 3*s + 62 = 13*k - 12*k, 4*s - 4*k = -88. Let c be 6/9 + (-13)/(-3). What are the prime factors of (s*(c + -3))/(-1)?
2, 5
Let n = 236 + 1666. Suppose 2*j - 1923 = -j + 3*z, -4*z + n = 3*j. What are the prime factors of j?
2, 11, 29
Let z(i) = 8*i + 40. Suppose -2*u - 136 - 82 = 3*b, 2*u + 4*b + 222 = 0. Let f = -91 - u. List the prime factors of z(f).
2, 17
Suppose 0 = -72*h + 1283589 + 972963. What are the prime factors of h?
3, 31, 337
Let j = -243 - -247. Suppose -4*p = a + j*a - 444, 0 = -p - 4*a + 111. List the prime factors of p.
3, 37
Let t = -1120 + 3752. List the prime factors of t.
2, 7, 47
Let o(z) = 4370*z + 1368. List the prime factors of o(4).
2, 19, 31
Let p = -1088 - -3349. Suppose o + 996 = 4*r - 3537, 5*o - p = -2*r. List the prime factors of r.
11, 103
Let c be (-3)/(-6)*(1 + (-2 - 1)). List the prime factors of 1 + (0 - c) + 521 - 1.
2, 3, 29
Suppose i - 5*g = 25, 3*i + 3 = 4*g + 23. Let k(s) = 17*s + 193. List the prime factors of k(i).
193
List the prime factors of -6 - -3738*-2*(-44)/6.
2, 27409
Suppose -3*q - 2*s + 46325 = 0, 3*q + 69*s - 65*s = 46333. List the prime factors of q.
15439
Let w be (30/12)/(10/8). Suppose -24 = w*f - 10. What are the prime factors of -3 + 166 + (f - -9)?
3, 5, 11
Suppose -174 = 5*y - 2*n - 594, 4*y = -3*n + 359. Let t = y - 66. What are the prime factors of t?
2, 5
Suppose -4*f - 1 + 17 = 0. Let l be -6 + 315 + 8 + -9. Suppose -f*u + l = 3*u. List the prime factors of u.
2, 11
Let z be (-1014)/(-234) + 2/6*2. Suppose z*a - 20 = 0, 0 = -2*c - 4*a + 913 + 981. What are the prime factors of c?
3, 313
Suppose -70*d + 69*d = -194. Suppose 5*y - 4*y - 4*j - d = 0, 4*j = -4*y + 756. Suppose h = 3*h - y. List the prime factors of h.
5, 19
Let d(n) = 153*n**2 - 23*n - 431. What are the prime factors of d(-11)?
5, 19, 193
Suppose 2*n = 5*q - 45373, 0 = q - 10*n + 9*n - 9077. List the prime factors of q.
43, 211
Suppose -18 = -10*s + 7*s + 4*w, 0 = -5*s - w + 7. Suppose -2300 = -s*v + 1010. List the prime factors of v.
5, 331
Let w(c) = c**3 - 10*c**2 - 133*c - 166. What are the prime factors of w(36)?
2, 7, 2053
Suppose 2*x - 197 = -719. Let s = x - -483. What are the prime factors of s?
2, 3, 37
Let t(m) = m**2 + 8*m - 2. Let y be t(-8). Let s be (-1)/((4/6)/y). Suppose 5*n = 0, s*n = -q - 2*n + 84. What are the prime factors of q?
2, 3, 7
Suppose 0 = c + f - 1, 4*f - 68 = 4*c - 96. Suppose -3*n + m = -1544 - 2102, 1197 = n - c*m. What are the prime factors of n?
1217
Let s(w) = 7*w**3 + 35*w**2 - 3*w - 8. Let d(f) = -8*f**3 - 36*f**2 + 3*f + 10. Let b(z) = -3*d(z) - 4*s(z). What are the prime facto